{"id":10238,"date":"2017-07-06T16:01:51","date_gmt":"2017-07-06T19:01:51","guid":{"rendered":"http:\/\/lavras.tv\/site\/?page_id=10238"},"modified":"2023-04-03T16:10:37","modified_gmt":"2023-04-03T19:10:37","slug":"rolecomanati","status":"publish","type":"page","link":"https:\/\/lavras.tv\/site\/rolecomanati\/","title":{"rendered":"Por A\u00ed com Voc\u00ea"},"content":{"rendered":"<div class=\"lavra-antes-do-conteudo_2\" id=\"lavra-1238506884\"><div id=\"lavra-slider-27\" class=\"custom-slider lavra-slider-507781929 lavra-slider\"><ul><li><div style=\"margin-left: auto;margin-right: auto;text-align: center;\" id=\"lavra-3345688203\"><a href=\"https:\/\/sistemas.lavras.mg.gov.br\/portalcidadao\/#df1b1a7c7b2a290bcb31e32771e610784662739a88807c0dacac58ede5f391a7530e299dc302d611ee73cb143fc22eaf93592e53e7b5bdb01b00a0b8d28dae460c141dd2ff83412e4dc1c31b16b25f33144a9e5620ea73b13f5bc1c59411d98439ad226e8af03840603796067d87afe130812cf3de24982d0e306f9e61e764e5\" aria-label=\"Lavras-TV&#8211;720x104px (1) (1)\"><img src=\"https:\/\/lavras.tv\/site\/wp-content\/uploads\/2025\/01\/Lavras-TV-720x104px-1-1.png\" alt=\"\"  srcset=\"https:\/\/lavras.tv\/site\/wp-content\/uploads\/2025\/01\/Lavras-TV-720x104px-1-1.png 720w, https:\/\/lavras.tv\/site\/wp-content\/uploads\/2025\/01\/Lavras-TV-720x104px-1-1-470x68.png 470w, https:\/\/lavras.tv\/site\/wp-content\/uploads\/2025\/01\/Lavras-TV-720x104px-1-1-170x25.png 170w, https:\/\/lavras.tv\/site\/wp-content\/uploads\/2025\/01\/Lavras-TV-720x104px-1-1-200x29.png 200w\" sizes=\"(max-width: 720px) 100vw, 720px\" width=\"720\" height=\"104\"  style=\"display: inline-block;\" \/><\/a><\/div><\/li><li><a href=\"https:\/\/sistemas.lavras.mg.gov.br\/portalcidadao\/#df1b1a7c7b2a290bcb31e32771e610784662739a88807c0dacac58ede5f391a7530e299dc302d611ee73cb143fc22eaf93592e53e7b5bdb01b00a0b8d28dae460c141dd2ff83412e4dc1c31b16b25f33144a9e5620ea73b13f5bc1c59411d98439ad226e8af03840603796067d87afe130812cf3de24982d0e306f9e61e764e5\" aria-label=\"Banner_Emprego_PortallavrasTV\"><img src=\"https:\/\/lavras.tv\/site\/wp-content\/uploads\/2025\/03\/Banner_Emprego_PortallavrasTV.png\" alt=\"\"  srcset=\"https:\/\/lavras.tv\/site\/wp-content\/uploads\/2025\/03\/Banner_Emprego_PortallavrasTV.png 720w, https:\/\/lavras.tv\/site\/wp-content\/uploads\/2025\/03\/Banner_Emprego_PortallavrasTV-470x68.png 470w, https:\/\/lavras.tv\/site\/wp-content\/uploads\/2025\/03\/Banner_Emprego_PortallavrasTV-170x25.png 170w, https:\/\/lavras.tv\/site\/wp-content\/uploads\/2025\/03\/Banner_Emprego_PortallavrasTV-200x29.png 200w\" sizes=\"(max-width: 720px) 100vw, 720px\" width=\"720\" height=\"104\"   \/><\/a><\/li><li><a href=\"https:\/\/sistemas.lavras.mg.gov.br\/portalcidadao\/#df1b1a7c7b2a290bcb31e32771e610784662739a88807c0dacac58ede5f391a7530e299dc302d611ee73cb143fc22eaf93592e53e7b5bdb01b00a0b8d28dae460c141dd2ff83412e4dc1c31b16b25f33144a9e5620ea73b13f5bc1c59411d98439ad226e8af03840603796067d87afe130812cf3de24982d0e306f9e61e764e5\" aria-label=\"Banner_Obras_PortallavrasTV\"><img src=\"https:\/\/lavras.tv\/site\/wp-content\/uploads\/2025\/03\/Banner_Obras_PortallavrasTV.png\" alt=\"\"  srcset=\"https:\/\/lavras.tv\/site\/wp-content\/uploads\/2025\/03\/Banner_Obras_PortallavrasTV.png 720w, https:\/\/lavras.tv\/site\/wp-content\/uploads\/2025\/03\/Banner_Obras_PortallavrasTV-470x68.png 470w, https:\/\/lavras.tv\/site\/wp-content\/uploads\/2025\/03\/Banner_Obras_PortallavrasTV-170x25.png 170w, https:\/\/lavras.tv\/site\/wp-content\/uploads\/2025\/03\/Banner_Obras_PortallavrasTV-200x29.png 200w\" sizes=\"(max-width: 720px) 100vw, 720px\" width=\"720\" height=\"104\"   \/><\/a><\/li><li><div style=\"margin-left: auto;margin-right: auto;text-align: center;\" id=\"lavra-1482721575\"><a href=\"https:\/\/sistemas.lavras.mg.gov.br\/portalcidadao\/#df1b1a7c7b2a290bcb31e32771e610784662739a88807c0dacac58ede5f391a7530e299dc302d611ee73cb143fc22eaf93592e53e7b5bdb01b00a0b8d28dae460c141dd2ff83412e4dc1c31b16b25f33144a9e5620ea73b13f5bc1c59411d98439ad226e8af03840603796067d87afe130812cf3de24982d0e306f9e61e764e5\" aria-label=\"Banner_Educa\u00e7\u00e3o_PortallavrasTV\"><img src=\"https:\/\/lavras.tv\/site\/wp-content\/uploads\/2025\/01\/Banner_Educacao_PortallavrasTV.png\" alt=\"\"  srcset=\"https:\/\/lavras.tv\/site\/wp-content\/uploads\/2025\/01\/Banner_Educacao_PortallavrasTV.png 720w, https:\/\/lavras.tv\/site\/wp-content\/uploads\/2025\/01\/Banner_Educacao_PortallavrasTV-470x68.png 470w, https:\/\/lavras.tv\/site\/wp-content\/uploads\/2025\/01\/Banner_Educacao_PortallavrasTV-170x25.png 170w, https:\/\/lavras.tv\/site\/wp-content\/uploads\/2025\/01\/Banner_Educacao_PortallavrasTV-200x29.png 200w\" sizes=\"(max-width: 720px) 100vw, 720px\" width=\"720\" height=\"104\"  style=\"display: inline-block;\" \/><\/a><\/div><\/li><li><a href=\"https:\/\/sistemas.lavras.mg.gov.br\/portalcidadao\/#df1b1a7c7b2a290bcb31e32771e610784662739a88807c0dacac58ede5f391a7530e299dc302d611ee73cb143fc22eaf93592e53e7b5bdb01b00a0b8d28dae460c141dd2ff83412e4dc1c31b16b25f33144a9e5620ea73b13f5bc1c59411d98439ad226e8af03840603796067d87afe130812cf3de24982d0e306f9e61e764e5\" aria-label=\"Banner_Sa\u00fade_PortallavrasTV\"><img src=\"https:\/\/lavras.tv\/site\/wp-content\/uploads\/2025\/03\/Banner_Saude_PortallavrasTV.png\" alt=\"\"  srcset=\"https:\/\/lavras.tv\/site\/wp-content\/uploads\/2025\/03\/Banner_Saude_PortallavrasTV.png 720w, https:\/\/lavras.tv\/site\/wp-content\/uploads\/2025\/03\/Banner_Saude_PortallavrasTV-470x68.png 470w, https:\/\/lavras.tv\/site\/wp-content\/uploads\/2025\/03\/Banner_Saude_PortallavrasTV-170x25.png 170w, https:\/\/lavras.tv\/site\/wp-content\/uploads\/2025\/03\/Banner_Saude_PortallavrasTV-200x29.png 200w\" sizes=\"(max-width: 720px) 100vw, 720px\" width=\"720\" height=\"104\"   \/><\/a><\/li><li><div id=\"lavra-1376214179\" style=\"width:720px;height:104px;background-color:#ddd;overflow:scroll;\">\n\t<strong>Sa\u00edda da depura\u00e7\u00e3o de an\u00fancios<\/strong>\n\t<br><br>\n\tO an\u00fancio n\u00e3o \u00e9 exibido na p\u00e1gina<br><br>post atual: Por A\u00ed com Voc\u00ea, ID: 10238<br><br><span style=\"color: red;\">O post atual n\u00e3o \u00e9 id\u00eantico ao post principal.<\/span><br><br>An\u00fancios: ROXO - TOPO INTERNA - ROTATIVO 2 (197)<br \/>Grupo de an\u00fancios: Princ_Meio01_720x104 (27)<br><br>Condi\u00e7\u00f5es de exibi\u00e7\u00e3o<div style=\"margin-bottom: 20px; white-space: pre-wrap; font-family: monospace; width: 100%; background: #ffe9e9;\"><strong>condi\u00e7\u00f5es gerais<\/strong><table border=\"1\"><thead><tr><th><\/th><th>An\u00fancios<\/th><th>wp_the_query<\/th><\/tr><\/thead><tr><td>is_main_query<\/td><td>1<\/td><td>1<\/td><\/tr><tr><td>is_rest_api<\/td><td>0<\/td><td>1<\/td><\/tr><tr><td>page<\/td><td>0<\/td><td>1<\/td><\/tr><tr><td>numpages<\/td><td>0<\/td><td>1<\/td><\/tr><tr><td>is_archive<\/td><td>1<\/td><td><\/td><\/tr><tr><td>is_search<\/td><td>1<\/td><td><\/td><\/tr><tr><td>is_home<\/td><td>1<\/td><td><\/td><\/tr><tr><td>is_404<\/td><td>1<\/td><td><\/td><\/tr><tr><td>is_attachment<\/td><td>1<\/td><td><\/td><\/tr><tr><td>is_singular<\/td><td>1<\/td><td><\/td><\/tr><tr><td>is_front_page<\/td><td>1<\/td><td><\/td><\/tr><tr><td>is_feed<\/td><td>1<\/td><td><\/td><\/tr><\/table><\/div><br><br><span style=\"color: red;\">Seu site usa HTTPS, mas o c\u00f3digo do an\u00fancio cont\u00e9m HTTP e pode n\u00e3o funcionar.<\/span>\t<br><br>\n\t<a style=\"color: green;\" href=\"https:\/\/wpadvancedads.com\/manual\/ad-debug-mode\/?utm_source=advanced-ads&utm_medium=link&utm_campaign=ad-debug-mode\" target=\"_blank\" rel=\"nofollow\">Encontre solu\u00e7\u00f5es no manual<\/a>\n<\/div>\n<\/li><\/ul><\/div><script>( window.advanced_ads_ready || jQuery( document ).ready ).call( null, function() {var $lavraslider507781929 = jQuery( \".lavra-slider-507781929\" );$lavraslider507781929.on( \"unslider.ready\", function() { jQuery( \"div.custom-slider ul li\" ).css( \"display\", \"block\" ); });$lavraslider507781929.unslider({ delay:4000, autoplay:true, nav:false, arrows:false, infinite:true });$lavraslider507781929.on(\"mouseover\", function() {$lavraslider507781929.unslider(\"stop\");}).on(\"mouseout\", function() {$lavraslider507781929.unslider(\"start\");});});<\/script><\/div><p><iframe title=\"Por A\u00ed Com Voc\u00ea!  - Ep. 2 - Mulheres de Sucesso\" width=\"500\" height=\"281\" src=\"https:\/\/www.youtube.com\/embed\/UkXebcGxogE?feature=oembed\" frameborder=\"0\" allow=\"accelerometer; autoplay; clipboard-write; encrypted-media; gyroscope; picture-in-picture; web-share\" referrerpolicy=\"strict-origin-when-cross-origin\" allowfullscreen><\/iframe><\/p>\n<p><iframe title=\"Por a\u00ed com voc\u00ea - Ep.1 - Show Capital Inicial em Lavras\" width=\"500\" height=\"281\" src=\"https:\/\/www.youtube.com\/embed\/h8G-gvxB-m4?feature=oembed\" frameborder=\"0\" allow=\"accelerometer; autoplay; clipboard-write; encrypted-media; gyroscope; picture-in-picture; web-share\" referrerpolicy=\"strict-origin-when-cross-origin\" allowfullscreen><\/iframe><\/p>\n<p><iframe src=\"\/\/www.youtube.com\/embed\/RT2HViLpcLo?autoplay=0&amp;loop=0&amp;rel=0\" width=\"790\" height=\"450\" frameborder=\"0\" allowfullscreen=\"allowfullscreen\"><\/iframe><\/p>\n<p><iframe src=\"\/\/www.youtube.com\/embed\/uuPGfsROn4I?autoplay=0&amp;loop=0&amp;rel=0\" width=\"790\" height=\"450\" frameborder=\"0\" allowfullscreen=\"allowfullscreen\"><\/iframe><\/p>\n<p><iframe src=\"\/\/www.youtube.com\/embed\/MYi03TeUS6g?autoplay=0&amp;loop=0&amp;rel=0\" width=\"790\" height=\"450\" frameborder=\"0\" allowfullscreen=\"allowfullscreen\"><\/iframe><\/p>\n<p><iframe src=\"\/\/www.youtube.com\/embed\/lZvY03FHqM4?autoplay=0&amp;loop=0&amp;rel=0\" width=\"790\" height=\"450\" frameborder=\"0\" allowfullscreen=\"allowfullscreen\"><\/iframe><\/p>\n<p><iframe src=\"\/\/www.youtube.com\/embed\/uKkVgybAC7g?autoplay=0&amp;loop=0&amp;rel=0\" width=\"790\" height=\"450\" frameborder=\"0\" allowfullscreen=\"allowfullscreen\"><\/iframe><\/p>\n<p><iframe src=\"\/\/www.youtube.com\/embed\/LkRy2gp5V9o?autoplay=0&amp;loop=0&amp;rel=0\" width=\"790\" height=\"450\" frameborder=\"0\" allowfullscreen=\"allowfullscreen\"><\/iframe><\/p>\n<p><iframe src=\"\/\/www.youtube.com\/embed\/aB8oA3Uql_s?autoplay=0&amp;loop=0&amp;rel=0\" width=\"790\" height=\"450\" frameborder=\"0\" allowfullscreen=\"allowfullscreen\"><\/iframe><\/p>\n<p><iframe src=\"\/\/www.youtube.com\/embed\/zjUoyh-oCCQ?autoplay=0&amp;loop=0&amp;rel=0\" width=\"790\" height=\"450\" frameborder=\"0\" allowfullscreen=\"allowfullscreen\"><\/iframe><\/p>\n<p><iframe src=\"\/\/www.youtube.com\/embed\/9hsFVBln5Cg?autoplay=0&amp;loop=0&amp;rel=0\" width=\"790\" height=\"450\" frameborder=\"0\" allowfullscreen=\"allowfullscreen\"><\/iframe><\/p>\n<p><iframe src=\"\/\/www.youtube.com\/embed\/cMuookybDqY?autoplay=0&amp;loop=0&amp;rel=0\" width=\"790\" height=\"450\" frameborder=\"0\" allowfullscreen=\"allowfullscreen\"><\/iframe><\/p>\n<p><iframe src=\"\/\/www.youtube.com\/embed\/XQ0yFY9ZJTQ?autoplay=0&amp;loop=0&amp;rel=0\" width=\"790\" height=\"450\" frameborder=\"0\" allowfullscreen=\"allowfullscreen\"><\/iframe><\/p>\n<p><iframe src=\"\/\/www.youtube.com\/embed\/Bv57PtbNvio?autoplay=0&amp;loop=0&amp;rel=0\" width=\"790\" height=\"450\" frameborder=\"0\" allowfullscreen=\"allowfullscreen\"><\/iframe><\/p>\n<p><iframe src=\"\/\/www.youtube.com\/embed\/U2N2oir1uT0?autoplay=0&amp;loop=0&amp;rel=0\" width=\"790\" height=\"450\" frameborder=\"0\" allowfullscreen=\"allowfullscreen\"><\/iframe><\/p>\n<p><iframe src=\"\/\/www.youtube.com\/embed\/gke77mDaYjQ?autoplay=0&amp;loop=0&amp;rel=0\" width=\"790\" height=\"450\" frameborder=\"0\" allowfullscreen=\"allowfullscreen\"><\/iframe><\/p>\n<p><iframe src=\"\/\/www.youtube.com\/embed\/-Od3pvnkpvM?autoplay=0&amp;loop=0&amp;rel=0\" width=\"790\" height=\"450\" frameborder=\"0\" allowfullscreen=\"allowfullscreen\"><\/iframe><\/p>\n<p><iframe src=\"\/\/www.youtube.com\/embed\/rB3CaqhZu3s?autoplay=0&amp;loop=0&amp;rel=0\" width=\"790\" height=\"450\" frameborder=\"0\" allowfullscreen=\"allowfullscreen\"><\/iframe><\/p>\n<p><iframe src=\"\/\/www.youtube.com\/embed\/zuWlHiRWnec?autoplay=0&amp;loop=0&amp;rel=0\" width=\"790\" height=\"450\" frameborder=\"0\" allowfullscreen=\"allowfullscreen\"><\/iframe><\/p>\n<p><iframe src=\"\/\/www.youtube.com\/embed\/kYATIDs4VjM?autoplay=0&amp;loop=0&amp;rel=0\" width=\"790\" height=\"450\" frameborder=\"0\" allowfullscreen=\"allowfullscreen\"><\/iframe><\/p>\n<p><iframe src=\"\/\/www.youtube.com\/embed\/gMvqM7G1X4Q?autoplay=0&amp;loop=0&amp;rel=0\" width=\"790\" height=\"450\" frameborder=\"0\" allowfullscreen=\"allowfullscreen\"><\/iframe><\/p>\n<p><iframe src=\"\/\/www.youtube.com\/embed\/jZ_rYg3kvY0?autoplay=0&amp;loop=0&amp;rel=0\" width=\"790\" height=\"450\" frameborder=\"0\" allowfullscreen=\"allowfullscreen\"><\/iframe><\/p>\n<p><iframe src=\"\/\/www.youtube.com\/embed\/mjII6hiD7nE?autoplay=0&amp;loop=0&amp;rel=0\" width=\"790\" height=\"450\" frameborder=\"0\" allowfullscreen=\"allowfullscreen\"><\/iframe><\/p>\n<p><iframe src=\"\/\/www.youtube.com\/embed\/fpPCUHv_BZE?autoplay=0&amp;loop=0&amp;rel=0\" width=\"790\" height=\"450\" frameborder=\"0\" allowfullscreen=\"allowfullscreen\"><\/iframe><\/p>\n<p><iframe src=\"\/\/www.youtube.com\/embed\/a4GfUEqcpU0?autoplay=0&amp;loop=0&amp;rel=0\" width=\"790\" height=\"450\" frameborder=\"0\" allowfullscreen=\"allowfullscreen\"><\/iframe><\/p>\n<p><iframe src=\"\/\/www.youtube.com\/embed\/goB8kWj86W4?autoplay=0&amp;loop=0&amp;rel=0\" width=\"790\" height=\"450\" frameborder=\"0\" allowfullscreen=\"allowfullscreen\"><\/iframe><\/p>\n<p><iframe src=\"\/\/www.youtube.com\/embed\/GFziYDH-1eU?autoplay=0&amp;loop=0&amp;rel=0\" width=\"790\" height=\"450\" frameborder=\"0\" allowfullscreen=\"allowfullscreen\"><\/iframe><\/p>\n<p><iframe src=\"\/\/www.youtube.com\/embed\/YTnkMfDA8Kc?autoplay=0&amp;loop=0&amp;rel=0\" width=\"790\" height=\"450\" frameborder=\"0\" allowfullscreen=\"allowfullscreen\"><\/iframe><\/p>\n<p><iframe src=\"\/\/www.youtube.com\/embed\/_vZqaieSqkM?autoplay=0&amp;loop=0&amp;rel=0\" width=\"790\" height=\"450\" frameborder=\"0\" allowfullscreen=\"allowfullscreen\"><\/iframe><\/p>\n<p><iframe src=\"\/\/www.youtube.com\/embed\/QRIXsBntjzE?autoplay=0&amp;loop=0&amp;rel=0\" width=\"790\" height=\"450\" frameborder=\"0\" allowfullscreen=\"allowfullscreen\"><\/iframe><\/p>\n<p><iframe src=\"\/\/www.youtube.com\/embed\/Hml9anAqsTc?autoplay=0&amp;loop=0&amp;rel=0\" width=\"790\" height=\"450\" frameborder=\"0\" allowfullscreen=\"allowfullscreen\"><\/iframe><\/p>\n<p><iframe src=\"\/\/www.youtube.com\/embed\/2_dx0i99KJY?autoplay=0&amp;loop=0&amp;rel=0\" width=\"790\" height=\"450\" frameborder=\"0\" allowfullscreen=\"allowfullscreen\"><\/iframe><\/p>\n<p><iframe src=\"\/\/www.youtube.com\/embed\/R5YYqCtchzk?autoplay=0&amp;loop=0&amp;rel=0\" width=\"790\" height=\"450\" frameborder=\"0\" allowfullscreen=\"allowfullscreen\"><\/iframe><\/p>\n<p><iframe src=\"\/\/www.youtube.com\/embed\/MrmJNIXZuQk?autoplay=0&amp;loop=0&amp;rel=0\" width=\"790\" height=\"450\" frameborder=\"0\" allowfullscreen=\"allowfullscreen\"><\/iframe><\/p>\n<p><iframe src=\"\/\/www.youtube.com\/embed\/xjdFntkHhQs?autoplay=0&amp;loop=0&amp;rel=0\" width=\"790\" height=\"450\" frameborder=\"0\" allowfullscreen=\"allowfullscreen\"><\/iframe><\/p>\n<p><iframe src=\"\/\/www.youtube.com\/embed\/PMHqpVDVdf0?autoplay=0&amp;loop=0&amp;rel=0\" width=\"790\" height=\"450\" frameborder=\"0\" allowfullscreen=\"allowfullscreen\"><\/iframe><\/p>\n<p><iframe src=\"\/\/www.youtube.com\/embed\/XpqB0F_67Hc?autoplay=0&amp;loop=0&amp;rel=0\" width=\"790\" height=\"450\" frameborder=\"0\" allowfullscreen=\"allowfullscreen\"><\/iframe><\/p>\n<p><iframe src=\"\/\/www.youtube.com\/embed\/w2hDg7dDb3c?autoplay=0&amp;loop=0&amp;rel=0\" width=\"790\" height=\"450\" frameborder=\"0\" allowfullscreen=\"allowfullscreen\"><\/iframe><\/p>\n<p><iframe src=\"\/\/www.youtube.com\/embed\/yO73eX2I6cY?autoplay=0&amp;loop=0&amp;rel=0\" width=\"790\" height=\"450\" frameborder=\"0\" allowfullscreen=\"allowfullscreen\"><\/iframe><\/p>\n<p><iframe src=\"\/\/www.youtube.com\/embed\/Yl00SwwM6DA?autoplay=0&amp;loop=0&amp;rel=0\" width=\"790\" height=\"450\" frameborder=\"0\" allowfullscreen=\"allowfullscreen\"><\/iframe><\/p>\n<p><iframe src=\"\/\/www.youtube.com\/embed\/zFr9Rm3iFBQ?autoplay=0&amp;loop=0&amp;rel=0\" width=\"790\" height=\"450\" frameborder=\"0\" allowfullscreen=\"allowfullscreen\"><\/iframe><\/p>\n<p><iframe src=\"\/\/www.youtube.com\/embed\/v6oJ2r_KlDs?autoplay=0&amp;loop=0&amp;rel=0\" width=\"790\" height=\"450\" frameborder=\"0\" allowfullscreen=\"allowfullscreen\"><\/iframe><\/p>\n<p><iframe src=\"\/\/www.youtube.com\/embed\/Z4PgJagredI?autoplay=0&amp;loop=0&amp;rel=0\" width=\"790\" height=\"450\" frameborder=\"0\" allowfullscreen=\"allowfullscreen\"><\/iframe><\/p>\n<p><iframe src=\"\/\/www.youtube.com\/embed\/sWspXt8qkAI?autoplay=0&amp;loop=0&amp;rel=0\" width=\"790\" height=\"450\" frameborder=\"0\" allowfullscreen=\"allowfullscreen\"><\/iframe><\/p>\n<p><iframe src=\"\/\/www.youtube.com\/embed\/-you_LpolJU?autoplay=0&amp;loop=0&amp;rel=0\" width=\"790\" height=\"450\" frameborder=\"0\" allowfullscreen=\"allowfullscreen\"><\/iframe><\/p>\n<p><iframe src=\"\/\/www.youtube.com\/embed\/IgfRyLltE0A?autoplay=0&amp;loop=0&amp;rel=0\" width=\"790\" height=\"450\" frameborder=\"0\" allowfullscreen=\"allowfullscreen\"><\/iframe><\/p>\n<p><iframe src=\"\/\/www.youtube.com\/embed\/9C7TbIBt7fw?autoplay=0&amp;loop=0&amp;rel=0\" width=\"790\" height=\"450\" frameborder=\"0\" allowfullscreen=\"allowfullscreen\"><\/iframe><\/p>\n<p><iframe src=\"\/\/www.youtube.com\/embed\/soVGPBZJdqg?autoplay=0&amp;loop=0&amp;rel=0\" width=\"790\" height=\"450\" frameborder=\"0\" allowfullscreen=\"allowfullscreen\"><\/iframe><\/p>\n<p><iframe src=\"\/\/www.youtube.com\/embed\/aHO_moVyW98?autoplay=0&amp;loop=0&amp;rel=0\" width=\"790\" height=\"450\" frameborder=\"0\" allowfullscreen=\"allowfullscreen\"><\/iframe><\/p>\n<p><iframe src=\"\/\/www.youtube.com\/embed\/fIXJfZRHiho?autoplay=0&amp;loop=0&amp;rel=0\" width=\"790\" height=\"450\" frameborder=\"0\" allowfullscreen=\"allowfullscreen\"><\/iframe><\/p>\n<p><iframe src=\"\/\/www.youtube.com\/embed\/MA3l_p14Vwo?autoplay=0&amp;loop=0&amp;rel=0\" width=\"790\" height=\"450\" frameborder=\"0\" allowfullscreen=\"allowfullscreen\"><\/iframe><\/p>\n<p><iframe src=\"\/\/www.youtube.com\/embed\/BDgIwBpYJh0?autoplay=0&amp;loop=0&amp;rel=0\" width=\"790\" height=\"450\" frameborder=\"0\" allowfullscreen=\"allowfullscreen\"><\/iframe><\/p>\n<p><iframe src=\"\/\/www.youtube.com\/embed\/HOt6fnYAQdI?autoplay=0&amp;loop=0&amp;rel=0\" width=\"790\" height=\"450\" frameborder=\"0\" allowfullscreen=\"allowfullscreen\"><\/iframe><\/p>\n<p><iframe src=\"\/\/www.youtube.com\/embed\/tONUWf1qPtw?autoplay=0&amp;loop=0&amp;rel=0\" width=\"790\" height=\"450\" frameborder=\"0\" allowfullscreen=\"allowfullscreen\"><\/iframe><\/p>\n<p><iframe src=\"\/\/www.youtube.com\/embed\/VIVbQ9CApDU?autoplay=0&amp;loop=0&amp;rel=0\" width=\"790\" height=\"450\" frameborder=\"0\" allowfullscreen=\"allowfullscreen\"><\/iframe><\/p>\n<p><iframe src=\"\/\/www.youtube.com\/embed\/RzK1jzxo4pY?autoplay=0&amp;loop=0&amp;rel=0\" width=\"790\" height=\"450\" frameborder=\"0\" allowfullscreen=\"allowfullscreen\"><\/iframe><\/p>\n<p><iframe src=\"\/\/www.youtube.com\/embed\/zcsIf2vkCzg?autoplay=0&amp;loop=0&amp;rel=0\" width=\"790\" height=\"450\" frameborder=\"0\" allowfullscreen=\"allowfullscreen\"><\/iframe><\/p>\n<p><iframe src=\"\/\/www.youtube.com\/embed\/ZyuK7cfcFf4?autoplay=0&amp;loop=0&amp;rel=0\" width=\"790\" height=\"450\" frameborder=\"0\" allowfullscreen=\"allowfullscreen\"><\/iframe><\/p>\n<p><iframe src=\"\/\/www.youtube.com\/embed\/W5Xl46ebO78?autoplay=0&amp;loop=0&amp;rel=0\" width=\"790\" height=\"450\" frameborder=\"0\" allowfullscreen=\"allowfullscreen\"><\/iframe><\/p>\n<p><iframe src=\"\/\/www.youtube.com\/embed\/MveIlo4nVGU?autoplay=0&amp;loop=0&amp;rel=0\" width=\"790\" height=\"450\" frameborder=\"0\" allowfullscreen=\"allowfullscreen\"><\/iframe><\/p>\n<p><iframe src=\"\/\/www.youtube.com\/embed\/ikMnnVbJKI4?autoplay=0&amp;loop=0&amp;rel=0\" width=\"790\" height=\"450\" frameborder=\"0\" allowfullscreen=\"allowfullscreen\"><\/iframe><\/p>\n<h3 class=\"widget-title\">Rol\u00ea com a Nati #2<\/h3>\n<p><iframe src=\"\/\/www.youtube.com\/embed\/g8oLHms8JzE?autoplay=0&amp;loop=0&amp;rel=0\" width=\"790\" height=\"450\" frameborder=\"0\" allowfullscreen=\"allowfullscreen\"><\/iframe><\/p>\n<p><iframe src=\"\/\/www.youtube.com\/embed\/qi1DN2HpEpM?autoplay=0&amp;loop=0&amp;rel=0\" width=\"790\" height=\"450\" frameborder=\"0\" allowfullscreen=\"allowfullscreen\"><\/iframe><\/p>\n<p><img decoding=\"async\" class=\"alignnone size-full wp-image-252\" src=\"http:\/\/lavras.tv\/site\/wp-content\/uploads\/2016\/05\/anuncie_aqui_300x100_vermelho.png\" sizes=\"(max-width: 300px) 100vw, 300px\" srcset=\"http:\/\/lavras.tv\/site\/wp-content\/uploads\/2016\/05\/anuncie_aqui_300x100_vermelho.png 300w, http:\/\/lavras.tv\/site\/wp-content\/uploads\/2016\/05\/anuncie_aqui_300x100_vermelho-150x50.png 150w\" alt=\"anuncie_aqui_300x100_vermelho\" width=\"300\" height=\"100\" \/><\/p>\n<p><img decoding=\"async\" class=\"alignnone size-full wp-image-252\" src=\"http:\/\/lavras.tv\/site\/wp-content\/uploads\/2016\/05\/anuncie_aqui_300x100_vermelho.png\" sizes=\"(max-width: 300px) 100vw, 300px\" srcset=\"http:\/\/lavras.tv\/site\/wp-content\/uploads\/2016\/05\/anuncie_aqui_300x100_vermelho.png 300w, http:\/\/lavras.tv\/site\/wp-content\/uploads\/2016\/05\/anuncie_aqui_300x100_vermelho-150x50.png 150w\" alt=\"anuncie_aqui_300x100_vermelho\" width=\"300\" height=\"100\" \/><\/p>\n<p><img decoding=\"async\" class=\"alignnone size-full wp-image-252\" src=\"http:\/\/lavras.tv\/site\/wp-content\/uploads\/2016\/05\/anuncie_aqui_300x100_vermelho.png\" sizes=\"(max-width: 300px) 100vw, 300px\" srcset=\"http:\/\/lavras.tv\/site\/wp-content\/uploads\/2016\/05\/anuncie_aqui_300x100_vermelho.png 300w, http:\/\/lavras.tv\/site\/wp-content\/uploads\/2016\/05\/anuncie_aqui_300x100_vermelho-150x50.png 150w\" alt=\"anuncie_aqui_300x100_vermelho\" width=\"300\" height=\"100\" \/><\/p>\n<p><img decoding=\"async\" class=\"alignnone size-full wp-image-252\" src=\"http:\/\/lavras.tv\/site\/wp-content\/uploads\/2016\/05\/anuncie_aqui_300x100_vermelho.png\" sizes=\"(max-width: 300px) 100vw, 300px\" srcset=\"http:\/\/lavras.tv\/site\/wp-content\/uploads\/2016\/05\/anuncie_aqui_300x100_vermelho.png 300w, http:\/\/lavras.tv\/site\/wp-content\/uploads\/2016\/05\/anuncie_aqui_300x100_vermelho-150x50.png 150w\" alt=\"anuncie_aqui_300x100_vermelho\" width=\"300\" height=\"100\" \/><\/p>\n","protected":false},"excerpt":{"rendered":"<p>Rol\u00ea com a Nati #2<\/p>\n","protected":false},"author":2,"featured_media":0,"parent":0,"menu_order":0,"comment_status":"closed","ping_status":"closed","template":"","meta":{"advgb_blocks_editor_width":"","advgb_blocks_columns_visual_guide":"","_exactmetrics_skip_tracking":false,"_exactmetrics_sitenote_active":false,"_exactmetrics_sitenote_note":"","_exactmetrics_sitenote_category":0,"footnotes":""},"class_list":["post-10238","page","type-page","status-publish","hentry"],"better_featured_image":null,"coauthors":[],"author_meta":{"author_link":"https:\/\/lavras.tv\/site\/author\/lavrastv\/","display_name":"Lavras TV"},"relative_dates":{"created":"Publicado 9 anos atr\u00e1s","modified":"Atualizado 3 anos atr\u00e1s"},"absolute_dates":{"created":"Publicado em 6 de julho de 2017","modified":"Atualizado em 3 de abril de 2023"},"absolute_dates_time":{"created":"Publicado em 6 de julho de 2017 16:01","modified":"Atualizado em 3 de abril de 2023 16:10"},"featured_img_caption":"","featured_img":false,"series_order":"","_links":{"self":[{"href":"https:\/\/lavras.tv\/site\/wp-json\/wp\/v2\/pages\/10238","targetHints":{"allow":["GET"]}}],"collection":[{"href":"https:\/\/lavras.tv\/site\/wp-json\/wp\/v2\/pages"}],"about":[{"href":"https:\/\/lavras.tv\/site\/wp-json\/wp\/v2\/types\/page"}],"author":[{"embeddable":true,"href":"https:\/\/lavras.tv\/site\/wp-json\/wp\/v2\/users\/2"}],"replies":[{"embeddable":true,"href":"https:\/\/lavras.tv\/site\/wp-json\/wp\/v2\/comments?post=10238"}],"version-history":[{"count":83,"href":"https:\/\/lavras.tv\/site\/wp-json\/wp\/v2\/pages\/10238\/revisions"}],"predecessor-version":[{"id":54921,"href":"https:\/\/lavras.tv\/site\/wp-json\/wp\/v2\/pages\/10238\/revisions\/54921"}],"wp:attachment":[{"href":"https:\/\/lavras.tv\/site\/wp-json\/wp\/v2\/media?parent=10238"}],"curies":[{"name":"wp","href":"https:\/\/api.w.org\/{rel}","templated":true}]}}